{"version":"1.0","provider_name":"pro O. - Liste f\u00fcr Ottensheim","provider_url":"https:\/\/proo.ottensheim.at\/html","author_name":"Johannes Reiter-Schwaighofer","author_url":"https:\/\/proo.ottensheim.at\/html\/author\/hannes\/","title":"Fest in Orange - pro O. - Liste f\u00fcr Ottensheim","type":"rich","width":600,"height":338,"html":"<blockquote class=\"wp-embedded-content\" data-secret=\"bzVXitgMbj\"><a href=\"https:\/\/proo.ottensheim.at\/html\/fest-in-orange\/\">Fest in Orange<\/a><\/blockquote><iframe sandbox=\"allow-scripts\" security=\"restricted\" src=\"https:\/\/proo.ottensheim.at\/html\/fest-in-orange\/embed\/#?secret=bzVXitgMbj\" width=\"600\" height=\"338\" title=\"&#8222;Fest in Orange&#8220; &#8211; pro O. - Liste f\u00fcr Ottensheim\" data-secret=\"bzVXitgMbj\" frameborder=\"0\" marginwidth=\"0\" marginheight=\"0\" scrolling=\"no\" class=\"wp-embedded-content\"><\/iframe><script type=\"text\/javascript\">\n\/* <![CDATA[ *\/\n\/*! This file is auto-generated *\/\n!function(d,l){\"use strict\";l.querySelector&&d.addEventListener&&\"undefined\"!=typeof URL&&(d.wp=d.wp||{},d.wp.receiveEmbedMessage||(d.wp.receiveEmbedMessage=function(e){var t=e.data;if((t||t.secret||t.message||t.value)&&!\/[^a-zA-Z0-9]\/.test(t.secret)){for(var s,r,n,a=l.querySelectorAll('iframe[data-secret=\"'+t.secret+'\"]'),o=l.querySelectorAll('blockquote[data-secret=\"'+t.secret+'\"]'),c=new RegExp(\"^https?:$\",\"i\"),i=0;i<o.length;i++)o[i].style.display=\"none\";for(i=0;i<a.length;i++)s=a[i],e.source===s.contentWindow&&(s.removeAttribute(\"style\"),\"height\"===t.message?(1e3<(r=parseInt(t.value,10))?r=1e3:~~r<200&&(r=200),s.height=r):\"link\"===t.message&&(r=new URL(s.getAttribute(\"src\")),n=new URL(t.value),c.test(n.protocol))&&n.host===r.host&&l.activeElement===s&&(d.top.location.href=t.value))}},d.addEventListener(\"message\",d.wp.receiveEmbedMessage,!1),l.addEventListener(\"DOMContentLoaded\",function(){for(var e,t,s=l.querySelectorAll(\"iframe.wp-embedded-content\"),r=0;r<s.length;r++)(t=(e=s[r]).getAttribute(\"data-secret\"))||(t=Math.random().toString(36).substring(2,12),e.src+=\"#?secret=\"+t,e.setAttribute(\"data-secret\",t)),e.contentWindow.postMessage({message:\"ready\",secret:t},\"*\")},!1)))}(window,document);\n\/\/# sourceURL=https:\/\/proo.ottensheim.at\/html\/wp-includes\/js\/wp-embed.min.js\n\/* ]]> *\/\n<\/script>\n","thumbnail_url":"https:\/\/proo.ottensheim.at\/html\/wp-content\/uploads\/2021\/09\/Fest-in-Orange_Flyer-V6_1.jpeg","thumbnail_width":1280,"thumbnail_height":902,"description":"Vielfalt leben, bunt, lebendig, weltoffen. In so einem Ort wollen wir leben! DANKE allen, die am 18. September 2021 die Linzerstra\u00dfe mit so viel Leben f\u00fcllten &#8211; allen Besucher:innen und nat\u00fcrlich BlechSalat, Auge Music, Tonart, Flying Freaks, Musikverein Ottensheim, Blonder Engel, Corinna Antelmann, Rudi Habringer, Gasthof zur Post Ottensheim, Greisslerei &#8211; Eva Forster, DEINRAD."}

pro O. - Liste für Ottensheim

Fest in Orange - pro O. - Liste für Ottensheim

<blockquote class="wp-embedded-content" data-secret="bzVXitgMbj"><a href="https://proo.ottensheim.at/html/fest-in-orange/">Fest in Orange</a></blockquote><iframe sandbox="allow-scripts" security="restricted" src="https://proo.ottensheim.at/html/fest-in-orange/embed/#?secret=bzVXitgMbj" width="600" height="338" title="&#8222;Fest in Orange&#8220; &#8211; pro O. - Liste für Ottensheim" data-secret="bzVXitgMbj" frameborder="0" marginwidth="0" marginheight="0" scrolling="no" class="wp-embedded-content"></iframe><script type="text/javascript">
/* <![CDATA[ */
/*! This file is auto-generated */
!function(d,l){"use strict";l.querySelector&&d.addEventListener&&"undefined"!=typeof URL&&(d.wp=d.wp||{},d.wp.receiveEmbedMessage||(d.wp.receiveEmbedMessage=function(e){var t=e.data;if((t||t.secret||t.message||t.value)&&!/[^a-zA-Z0-9]/.test(t.secret)){for(var s,r,n,a=l.querySelectorAll('iframe[data-secret="'+t.secret+'"]'),o=l.querySelectorAll('blockquote[data-secret="'+t.secret+'"]'),c=new RegExp("^https?:$","i"),i=0;i<o.length;i++)o[i].style.display="none";for(i=0;i<a.length;i++)s=a[i],e.source===s.contentWindow&&(s.removeAttribute("style"),"height"===t.message?(1e3<(r=parseInt(t.value,10))?r=1e3:~~r<200&&(r=200),s.height=r):"link"===t.message&&(r=new URL(s.getAttribute("src")),n=new URL(t.value),c.test(n.protocol))&&n.host===r.host&&l.activeElement===s&&(d.top.location.href=t.value))}},d.addEventListener("message",d.wp.receiveEmbedMessage,!1),l.addEventListener("DOMContentLoaded",function(){for(var e,t,s=l.querySelectorAll("iframe.wp-embedded-content"),r=0;r<s.length;r++)(t=(e=s[r]).getAttribute("data-secret"))||(t=Math.random().toString(36).substring(2,12),e.src+="#?secret="+t,e.setAttribute("data-secret",t)),e.contentWindow.postMessage({message:"ready",secret:t},"*")},!1)))}(window,document);
//# sourceURL=https://proo.ottensheim.at/html/wp-includes/js/wp-embed.min.js
/* ]]> */
</script>

Vielfalt leben, bunt, lebendig, weltoffen. In so einem Ort wollen wir leben! DANKE allen, die am 18. September 2021 die Linzerstraße mit so viel Leben füllten &#8211; allen Besucher:innen und natürlich BlechSalat, Auge Music, Tonart, Flying Freaks, Musikverein Ottensheim, Blonder Engel, Corinna Antelmann, Rudi Habringer, Gasthof zur Post Ottensheim, Greisslerei &#8211; Eva Forster, DEINRAD.
